digit of n?
4
Let u(k) = k**3 - 7*k**2 - 12*k - 10. What is the tens digit of u(9)?
4
Suppose 17 = 5*p - 258. What is the units digit of p?
5
Suppose 3 + 7 = -2*t. Let m = 8 + t. Suppose -10 - 2 = -m*x. What is the units digit of x?
4
Let j(w) = w**2 + 2*w + 34. Suppose 6*p - 3*p + 3*u - 15 = 0, 3*u - 15 = 3*p. What is the units digit of j(p)?
4
Let l be ((-60)/(-16))/(1/(-4)). Let m = 8 - l. What is the units digit of m?
3
What is the tens digit of ((-158)/(-6) - -1)/(2/3)?
4
Let o(r) = -2 + 5*r**2 + 8 - r + 4*r + r**3. Let p be o(-4). Suppose 30 + p = 5*u. What is the units digit of u?
8
Let r be (-2 - (0 + -2))/(-1). Suppose -3*x + 18 + 33 = r. What is the units digit of x?
7
Let q(v) = -v**3 - 5*v**2 - v + 5. Let f be q(-5). Let p = f - 6. Suppose -5*j + 13 = -p*j. What is the tens digit of j?
1
Let g = 6 + -4. Suppose w - 26 = j - 3*w, -g*j + 2*w = 22. What is the units digit of (1 + -2)/(1/j)?
6
Let b be -20*((-4)/10)/1. What is the units digit of 165/20 + (-2)/b?
8
Let x(i) = 2*i. Let q be x(5). Suppose 2*t + 0*t - 4*j = q, -3*t - 4*j = -45. What is the units digit of t?
1
Suppose 4*l = 4*x - 100, 3*x + 26 = -4*l - 67. Let i = -8 - l. Suppose -i = -3*n - 1. What is the units digit of n?
5
Suppose -13 = -2*b - 1. Suppose 5*o - 2*o - 3*d = b, 0 = d. Suppose 0 = 2*a - o*t + 4*t - 16, -10 = a - 5*t. What is the units digit of a?
5
Suppose 4*z + 0*z = 0. Suppose z*o = -2*o - 12. What is the units digit of (-9)/o*(-14)/(-3)?
7
Suppose -3*v + 339 = 2*m - 0*m, -2*v = -m + 152. What is the tens digit of m?
6
Suppose 79 = 2*f - 37. What is the units digit of f?
8
Let u(x) = 3*x**3 + 18*x**2 + 4*x - 16. Let t(s) = 2*s**3 + 12*s**2 + 3*s - 11. Let w(h) = -7*t(h) + 5*u(h). What is the units digit of w(-6)?
3
Let q be (-10)/15 + (-28)/(-6). Suppose i = q*i - 3. What is the units digit of i?
1
Suppose -4*k + 4*s = -668, 2*s = -k - 2*s + 167. What is the tens digit of k?
6
Suppose -3*z = 15, -4*j - 5*z = -z - 332. What is the units digit of j?
8
Suppose -699 = -5*z + 2*b, 2*z - 4*b - 70 = 200. What is the hundreds digit of z?
1
Suppose 91 = -5*x + 16. Let v = x + 29. What is the units digit of v?
4
Suppose 3*a + 2*a - 15 = 0. Let i = 12 + a. What is the units digit of i?
5
Let n(o) = 2*o + 2. What is the units digit of n(10)?
2
Suppose 2*l - 2 = 2. Suppose l*w + 6 = 4*w. What is the units digit of w?
3
Let z(w) = w**2 + 17*w - 10. Let m(b) = b**2 + 17*b - 11. Let p(h) = -5*m(h) + 4*z(h). What is the tens digit of p(-16)?
3
Suppose s = -x + 24 + 5, 4*x + 52 = 3*s. What is the units digit of s?
4
Suppose 0 = -4*b + b - 54. Let v = b - -2. What is the tens digit of (-204)/v + (-1)/(-4)?
1
Let m = 6 - 3. Suppose -4 + 22 = 3*u. Suppose -m = o - u. What is the units digit of o?
3
Let j = 6 + -24. What is the units digit of 152/36 - (-4)/j?
4
Let z = 7 - 4. Suppose g + 0*y - 14 = 5*y, -z*g = -y - 14. What is the units digit of g?
4
Suppose 0 = 3*u - 175 + 40. What is the tens digit of u?
4
Suppose 4*v = -5*j + 12, v - 2*j + 3*j - 3 = 0. Suppose -i - 2*t = 2, -3*i + v*t = -t - 4. Suppose -n + 0 + 6 = i. What is the units digit of n?
6
Suppose 0 = -3*n + n - 5*m - 1, -5*n - 5*m = 10. What is the tens digit of (-1)/n - 113/(-3)?
3
What is the tens digit of 2*7/(21/30)?
2
Suppose 2*t = 3*t - 4*r - 21, -2*t + 33 = -5*r. Suppose -t = -d + 21. Suppose 3*l = -0*n + 3*n - 30, l - d = -4*n. What is the units digit of n?
8
Suppose 4 = a, -k - 8 - 6 = -4*a. What is the units digit of (60/k)/2 + 2?
7
Suppose -5*g + 511 + 239 = 0. What is the units digit of g?
0
Suppose q + 4*h = 35, -2*q - 3*h = -5*q + 90. What is the tens digit of q?
3
Let b(q) = -2*q**3 - 6*q**2 + q + 19. What is the tens digit of b(-6)?
2
Let j = 27 - 20. Let i = j - -30. What is the tens digit of i?
3
Let n be -2 - (-3 - -3)/3. What is the units digit of (-7)/n*(-16)/(-4)?
4
Suppose -r = 5*k - 27, -3*r + r + 24 = 4*k. Suppose 3*g = -0*g. Let m = r + g. What is the units digit of m?
2
Let z(u) = -u**2 + 17*u - 5. What is the tens digit of z(15)?
2
Suppose 4*i = 8*i - 4. Let c be 26 + 0 + (i - 0). Suppose -2*z = -5*z + c. What is the units digit of z?
9
Let r be (-12 + 6)/(3/(-2)). Suppose d - 59 = -4*q, q - d - r*d = -1. What is the tens digit of q?
1
Let t be (1197/12)/7*4. What is the tens digit of t/2 - (-3)/(-6)?
2
Let d = 2 - -1. Suppose 8*y - 3*y + g = 44, 2*y - 21 = d*g. What is the units digit of y?
9
Let a be 8/20 - (-223)/5. Suppose -5*y - 295 = a. What is the units digit of (-10)/55 + y/(-11)?
6
Let i = -7 + 9. What is the units digit of i?
2
Let s(k) = 2*k**2 - 11*k + 7. What is the units digit of s(9)?
0
Let x be (12 - (-3 + 2)) + 0. Let f = x - -11. Suppose 2*j + 3*j - 52 = -4*h, -2*j = -4*h + f. What is the units digit of h?
8
Let u(i) = i - 1. Let r be u(-5). Let f be (-14)/(-3) + 4/r. Let h(j) = j**3 - 4*j**2 + 5. What is the units digit of h(f)?
5
Let a be (1 + 2)/(4/4). Suppose -3*s = -a*g - 24, 0*s + 5*s - 56 = -3*g. What is the units digit of s?
0
Let f(i) = -9*i - 1. What is the units digit of f(-2)?
7
Let g = 4 + 7. What is the units digit of (3 - 2)*(2 + g)?
3
Let r = -4 + 6. Let i(w) = -w - 2. Let t be i(r). What is the units digit of (-6)/t*60/18?
5
Suppose 0 = -6*t - 14*t + 1960. What is the units digit of t?
8
Suppose -y = y - 162. What is the units digit of y?
1
Let r = -121 - -149. What is the tens digit of r?
2
Suppose -7*n = -3*n, -4*y = -2*n + 8. Let k be (y/(-4))/(1/6). Suppose -17 = -k*r + 1. What is the units digit of r?
6
Let n = 0 + -4. Let j be (2/n)/((-1)/2). What is the units digit of 4/j*(-2)/(-8)?
1
Suppose p + 2 = 25. What is the units digit of p?
3
Suppose -4*k + 2*k = 2*u - 36, u = 3*k - 50. Let a = -7 + k. What is the tens digit of a?
1
Let c(b) be the first derivative of -b**2/2 + 16*b + 2. What is the units digit of c(7)?
9
Let t be (-14)/(-21) + 13/3. Let w = 9 - t. What is the units digit of w?
4
Let r be (11/(-22))/(2/144). Let x = r + 62. What is the units digit of x?
6
Let g(z) = -z**3 + 7*z**2 + 2*z + 8. Suppose -2*v + 16 - 2 = 0. What is the tens digit of g(v)?
2
Suppose -139 = -2*k - 33. What is the units digit of k?
3
Let d(x) = x + 1. Let h(o) = -4*o - 6. Let j(s) = -14*d(s) - 3*h(s). What is the units digit of j(-4)?
2
Suppose 3*z - 7 - 23 = 0. Suppose i + 6 = -z. Let w = 25 + i. What is the units digit of w?
9
Suppose 0 = 4*v - 3*i, v = 6*v - 3*i - 3. Suppose 18 = 6*p - p - v*g, -7 = -4*p - 5*g. What is the units digit of p?
3
Let u be 5/3 + (-1)/(-3). Suppose -24 = -u*g - 3*n - n, 0 = -4*n. What is the units digit of 70/6 + 4/g?
2
Suppose -o + 3*r = 13, -2*o + 9 = 3*r - 10. What is the units digit of o?
2
What is the hundreds digit of (-7)/(28/(-444)) - 4?
1
Let p = 1 + -1. Suppose -5*k + 0*k + 100 = p. What is the units digit of k?
0
Let n(v) = v**3 - 9*v**2 - 10*v + 12. Let b(k) = -k**2 - 7*k + 4. Let u be b(-6). What is the tens digit of n(u)?
1
Suppose -5*v + 5 - 25 = 0. Let h be v/(-6) - 2/3. Suppose 0 = -5*l - 4*o - 2 + 39, 4*l - 2*o - 14 = h. What is the units digit of l?
5
Let o(l) be the second derivative of -l - 1/12*l**4 + 2/3*l**3 + 0 - l**2. What is the units digit of o(3)?
1
Let a(g) = -12*g - 10. Let b be a(-19). Suppose f - 277 = -5*h, 0*f - f - b = -4*h. What is the units digit of h?
5
Let p(m) be the second derivative of m**3/2 + 3*m**2/2 - m. Let l be p(-2). What is the units digit of (4/(-6))/(l/27)?
6
Suppose 0 = 3*t - 12 + 3. Suppose -3*r - 2*r + 2*o - t = 0, -3*r + 23 = 5*o. What is the units digit of r?
1
Suppose 0 = -4*z - 4 + 12. Suppose 0 = -2*q + z. What is the units digit of q?
1
Suppose 4*r + 60 = 10*r. What is the units digit of r?
0
Suppose 2*u = 7*u. Suppose -5 + u = -c. What is the units digit of c?
5
Suppose -o - 3 = -5. Suppose -5*j + o = -13. What is the units digit of j?
3
Suppose -7*r + 20 = -2*r. Let j = 18 - r. What is the tens digit of j?
1
Let r be 5 + -3 + 1/1. What is the tens digit of 2/r + 244/12?
2
Let w = 2 - -1. Suppose -w*l = -b - 7, 5*b + 2*l = 33 - 0. What is the units digit of 3 + (b - 1 - 2)?
5
Let s = 16 - 9. Let k = -10 + s. What is the units digit of k*5*(-2)/5?
6
Suppose 3*w - w - 10 = 0. Suppose 4*m + w - 13 = 0. Suppose -4*r = -v - 44, 0 = -m*r + 2*v + 3*v + 4. What is the tens digit of r?
1
Suppose -2*z - 15 = z - 5*c, -25 = 5*z - 2*c. Let q be 1 + 1 - (-17 - z). What is the 